{"id":4736,"date":"2024-04-09T15:42:42","date_gmt":"2024-04-09T15:42:42","guid":{"rendered":"https:\/\/cadiex-7aea9nq6vv.live-website.com\/?page_id=4736"},"modified":"2024-04-09T15:42:42","modified_gmt":"2024-04-09T15:42:42","slug":"politica-de-cookies-2-2","status":"publish","type":"page","link":"https:\/\/cadiex.es\/index.php\/politica-de-cookies-2-2\/","title":{"rendered":"Pol\u00edtica de Cookies 2"},"content":{"rendered":"\n<div id=\"initial-content-section\" class=\"content-section content-section-spacing\" data-id=\"initial-content-section\" data-export-id=\"initial-content-section\" data-label=\"Initial Content\">\n<div class=\"gridContainer\">\n<div class=\"row\">\n<div class=\"col-xs-12 col-sm-12\">\n<div class=\"row\">\n<div class=\"section-title-col\" data-type=\"column\">\n<p class=\"\">\u00daltima actualizaci\u00f3n: 23\/03\/2024<\/p>\n<p>Esta Pol\u00edtica de Cookies describe c\u00f3mo el sitio web cadiex.es utiliza cookies y tecnolog\u00edas similares para mejorar su experiencia en nuestro sitio web, as\u00ed como para entender c\u00f3mo interact\u00faa con nuestro contenido. Esta pol\u00edtica tambi\u00e9n explica las opciones que tiene con respecto a estas tecnolog\u00edas.<\/p>\n<p><span style=\"font-weight: 600;\">\u00bfQu\u00e9 son las cookies?<\/span><\/p>\n<p>Las cookies son peque\u00f1os archivos de texto que se almacenan en su navegador cuando visita un sitio web. Se utilizan ampliamente para que los sitios web funcionen de manera eficiente y para proporcionar informaci\u00f3n a los propietarios del sitio.<\/p>\n<p><span style=\"font-weight: 600;\">\u00bfC\u00f3mo usamos las cookies?<\/span><\/p>\n<p>Utilizamos cookies por diversas razones detalladas a continuaci\u00f3n. Desafortunadamente, en la mayor\u00eda de los casos no hay opciones est\u00e1ndar de la industria para deshabilitar las cookies sin desactivar por completo la funcionalidad y las caracter\u00edsticas que a\u00f1aden a este sitio cadiex.es. Se recomienda que deje todas las cookies si no est\u00e1 seguro de si las necesita o no en caso de que se utilicen para proporcionar un servicio que usted utiliza.<\/p>\n<p><span style=\"font-weight: 600;\">Las cookies que establecemos<\/span><\/p>\n<p>\u2013 Cookies de sesi\u00f3n:<\/p>\n<p>Utilizamos cookies de sesi\u00f3n para garantizar el correcto funcionamiento de nuestro sitio web cadiex.es, permiti\u00e9ndole navegar por las p\u00e1ginas y utilizar las funciones esenciales.<\/p>\n<p>\u2013 Cookies de rendimiento: Estas cookies nos permiten analizar c\u00f3mo los visitantes utilizan nuestro sitio web y nos ayudan a mejorar su rendimiento. Por ejemplo, estas cookies nos permiten saber qu\u00e9 p\u00e1ginas son las m\u00e1s y las menos populares, y ver c\u00f3mo los visitantes se mueven por el sitio.<\/p>\n<p>\u2013 Cookies de funcionalidad: Estas cookies se utilizan para reconocerlo cuando regresa a nuestro sitio web y nos permiten personalizar nuestro contenido para usted, salud\u00e1ndolo por su nombre y recordando sus preferencias (por ejemplo, su idioma o regi\u00f3n).<\/p>\n<p><span style=\"font-weight: 600;\">Cookies que usamnos<\/span><\/p>\n<p>persist:hs-beacon-*<br><span style=\"font-size: revert; color: initial; font-family: -apple-system, BlinkMacSystemFont, 'Segoe UI', Roboto, Oxygen-Sans, Ubuntu, Cantarell, 'Helvetica Neue', sans-serif;\">persist:hs-beacon-message-*<br><\/span><span style=\"font-size: revert; color: initial; font-family: -apple-system, BlinkMacSystemFont, 'Segoe UI', Roboto, Oxygen-Sans, Ubuntu, Cantarell, 'Helvetica Neue', sans-serif;\">cmplz_consented_services<br><\/span><span style=\"font-size: revert; color: initial; font-family: -apple-system, BlinkMacSystemFont, 'Segoe UI', Roboto, Oxygen-Sans, Ubuntu, Cantarell, 'Helvetica Neue', sans-serif;\">wpEmojiSettingsSupports<br><\/span><span style=\"font-size: revert; color: initial; font-family: -apple-system, BlinkMacSystemFont, 'Segoe UI', Roboto, Oxygen-Sans, Ubuntu, Cantarell, 'Helvetica Neue', sans-serif;\">wp-settings-time-2<br><\/span><span style=\"font-size: revert; color: initial; font-family: -apple-system, BlinkMacSystemFont, 'Segoe UI', Roboto, Oxygen-Sans, Ubuntu, Cantarell, 'Helvetica Neue', sans-serif;\">wordpress_logged_in_9b642edfd27a156bd63803d6a62ff3b6<br><\/span><span style=\"font-size: revert; color: initial; font-family: -apple-system, BlinkMacSystemFont, 'Segoe UI', Roboto, Oxygen-Sans, Ubuntu, Cantarell, 'Helvetica Neue', sans-serif;\">burst_uid<br><\/span><span style=\"font-size: revert; color: initial; font-family: -apple-system, BlinkMacSystemFont, 'Segoe UI', Roboto, Oxygen-Sans, Ubuntu, Cantarell, 'Helvetica Neue', sans-serif;\">cmplz_marketing<br><\/span><span style=\"font-size: revert; color: initial; font-family: -apple-system, BlinkMacSystemFont, 'Segoe UI', Roboto, Oxygen-Sans, Ubuntu, Cantarell, 'Helvetica Neue', sans-serif;\">cmplz_consented_services<\/span><\/p>\n<p><span style=\"font-weight: 600;\">Control de cookies<\/span><\/p>\n<p>Usted tiene el control sobre si acepta o no las cookies. Puede ajustar la configuraci\u00f3n de su navegador para rechazar todas las cookies o para indicar cu\u00e1ndo se est\u00e1 enviando una cookie. Sin embargo, si no acepta cookies, es posible que algunas partes de nuestro sitio web cadiex.es no funcionen correctamente.<\/p>\n<p><span style=\"font-weight: 600;\">Eliminar las cookies del navegador<\/span><\/p>\n<p>Chrome<\/p>\n<p>1. Selecciona el icono de Herramientas<\/p>\n<p>2. Haz clic en Configuraci\u00f3n.<\/p>\n<p>3. Haz clic en Mostrar Opciones Avanzadas.<\/p>\n<p>4. En la secci\u00f3n \u00abPrivacidad\u00bb haz clic en Configuraci\u00f3n de contenido. \u2022 Eliminar cookies: Haz clic en Todas las cookies y los datos de sitios\u2026 \u2022 No permitir que se almacenen cookies.<\/p>\n<p>5. Haz clic en Eliminar datos de navegaci\u00f3n.<\/p>\n<p>6. Cierra y reinicia el navegador.<\/p>\n<p><span style=\"font-weight: 600;\">Cambios en nuestra pol\u00edtica de cookies<\/span><\/p>\n<p>Nos reservamos el derecho de modificar esta Pol\u00edtica de Cookies en cualquier momento. Cualquier cambio significativo ser\u00e1 notificado en nuestro sitio web cadiex.es junto con la actualizaci\u00f3n de la fecha de vigencia de la Pol\u00edtica de Cookies. Le recomendamos que revise peri\u00f3dicamente esta p\u00e1gina para mantenerse informado sobre c\u00f3mo utilizamos las cookies.<\/p>\n<p><span style=\"font-weight: 600;\">Cont\u00e1ctenos<\/span><\/p>\n<p>Si tiene alguna pregunta sobre nuestra Pol\u00edtica de Cookies, por favor cont\u00e1ctenos a trav\u00e9s de <a href=\"mailto:cadiex@galacocanarias.com\" target=\"_blank\" rel=\"noopener\" data-cp-link=\"1\">cadiex@galacocanarias.com<\/a>.<\/p>\n<p>Esta Pol\u00edtica de Cookies se actualiz\u00f3 por \u00faltima vez el 23\/03\/2024.<\/p>\n<\/div>\n<\/div>\n<div class=\"row\">\n<div data-type=\"row\" data-dynamic-columns=\"handled\" data-content-shortcode=\"mesmerize_latest_news item_class=&quot;text-center&quot;\">&nbsp;<\/div>\n<\/div>\n<div class=\"row\">\n<\/div>\n<\/div>\n<\/div>\n<\/div>\n<\/div>\n","protected":false},"excerpt":{"rendered":"<p>\u00daltima actualizaci\u00f3n: 23\/03\/2024 Esta Pol\u00edtica de Cookies describe c\u00f3mo el sitio web cadiex.es utiliza cookies y tecnolog\u00edas similares para mejorar su experiencia en nuestro sitio web, as\u00ed como para entender c\u00f3mo interact\u00faa con nuestro contenido. Esta pol\u00edtica tambi\u00e9n explica las opciones que tiene con respecto a estas tecnolog\u00edas. \u00bfQu\u00e9 son las cookies? Las cookies son&hellip; <br \/> <a class=\"read-more\" href=\"https:\/\/cadiex.es\/index.php\/politica-de-cookies-2-2\/\">Leer m\u00e1s<\/a><\/p>\n","protected":false},"author":1,"featured_media":0,"parent":0,"menu_order":0,"comment_status":"closed","ping_status":"closed","template":"pro\/page-templates\/full-width-page.php","meta":{"footnotes":""},"class_list":["post-4736","page","type-page","status-publish","hentry"],"yoast_head":"<!-- This site is optimized with the Yoast SEO plugin v24.4 - https:\/\/yoast.com\/wordpress\/plugins\/seo\/ -->\n<title>Pol\u00edtica de Cookies 2 - cadiex<\/title>\n<meta name=\"robots\" content=\"index, follow, max-snippet:-1, max-image-preview:large, max-video-preview:-1\" \/>\n<link rel=\"canonical\" href=\"https:\/\/cadiex.es\/index.php\/politica-de-cookies-2-2\/\" \/>\n<meta property=\"og:locale\" content=\"es_ES\" \/>\n<meta property=\"og:type\" content=\"article\" \/>\n<meta property=\"og:title\" content=\"Pol\u00edtica de Cookies 2 - cadiex\" \/>\n<meta property=\"og:description\" content=\"\u00daltima actualizaci\u00f3n: 23\/03\/2024 Esta Pol\u00edtica de Cookies describe c\u00f3mo el sitio web cadiex.es utiliza cookies y tecnolog\u00edas similares para mejorar su experiencia en nuestro sitio web, as\u00ed como para entender c\u00f3mo interact\u00faa con nuestro contenido. Esta pol\u00edtica tambi\u00e9n explica las opciones que tiene con respecto a estas tecnolog\u00edas. \u00bfQu\u00e9 son las cookies? Las cookies son&hellip; Leer m\u00e1s\" \/>\n<meta property=\"og:url\" content=\"https:\/\/cadiex.es\/index.php\/politica-de-cookies-2-2\/\" \/>\n<meta property=\"og:site_name\" content=\"cadiex\" \/>\n<meta name=\"twitter:card\" content=\"summary_large_image\" \/>\n<meta name=\"twitter:label1\" content=\"Tiempo de lectura\" \/>\n\t<meta name=\"twitter:data1\" content=\"3 minutos\" \/>\n<script type=\"application\/ld+json\" class=\"yoast-schema-graph\">{\"@context\":\"https:\/\/schema.org\",\"@graph\":[{\"@type\":\"WebPage\",\"@id\":\"https:\/\/cadiex.es\/index.php\/politica-de-cookies-2-2\/\",\"url\":\"https:\/\/cadiex.es\/index.php\/politica-de-cookies-2-2\/\",\"name\":\"Pol\u00edtica de Cookies 2 - cadiex\",\"isPartOf\":{\"@id\":\"https:\/\/cadiex.es\/#website\"},\"datePublished\":\"2024-04-09T15:42:42+00:00\",\"breadcrumb\":{\"@id\":\"https:\/\/cadiex.es\/index.php\/politica-de-cookies-2-2\/#breadcrumb\"},\"inLanguage\":\"es\",\"potentialAction\":[{\"@type\":\"ReadAction\",\"target\":[\"https:\/\/cadiex.es\/index.php\/politica-de-cookies-2-2\/\"]}]},{\"@type\":\"BreadcrumbList\",\"@id\":\"https:\/\/cadiex.es\/index.php\/politica-de-cookies-2-2\/#breadcrumb\",\"itemListElement\":[{\"@type\":\"ListItem\",\"position\":1,\"name\":\"Portada\",\"item\":\"https:\/\/cadiex.es\/\"},{\"@type\":\"ListItem\",\"position\":2,\"name\":\"Pol\u00edtica de Cookies 2\"}]},{\"@type\":\"WebSite\",\"@id\":\"https:\/\/cadiex.es\/#website\",\"url\":\"https:\/\/cadiex.es\/\",\"name\":\"cadiex\",\"description\":\"Canarias Distribuciones Exclusivas S.L.\",\"publisher\":{\"@id\":\"https:\/\/cadiex.es\/#organization\"},\"potentialAction\":[{\"@type\":\"SearchAction\",\"target\":{\"@type\":\"EntryPoint\",\"urlTemplate\":\"https:\/\/cadiex.es\/?s={search_term_string}\"},\"query-input\":{\"@type\":\"PropertyValueSpecification\",\"valueRequired\":true,\"valueName\":\"search_term_string\"}}],\"inLanguage\":\"es\"},{\"@type\":\"Organization\",\"@id\":\"https:\/\/cadiex.es\/#organization\",\"name\":\"cadiex\",\"url\":\"https:\/\/cadiex.es\/\",\"logo\":{\"@type\":\"ImageObject\",\"inLanguage\":\"es\",\"@id\":\"https:\/\/cadiex.es\/#\/schema\/logo\/image\/\",\"url\":\"https:\/\/cadiex.es\/wp-content\/uploads\/2023\/08\/cropped-Logo_Cadiex_4.png\",\"contentUrl\":\"https:\/\/cadiex.es\/wp-content\/uploads\/2023\/08\/cropped-Logo_Cadiex_4.png\",\"width\":335,\"height\":83,\"caption\":\"cadiex\"},\"image\":{\"@id\":\"https:\/\/cadiex.es\/#\/schema\/logo\/image\/\"}}]}<\/script>\n<!-- \/ Yoast SEO plugin. -->","yoast_head_json":{"title":"Pol\u00edtica de Cookies 2 - cadiex","robots":{"index":"index","follow":"follow","max-snippet":"max-snippet:-1","max-image-preview":"max-image-preview:large","max-video-preview":"max-video-preview:-1"},"canonical":"https:\/\/cadiex.es\/index.php\/politica-de-cookies-2-2\/","og_locale":"es_ES","og_type":"article","og_title":"Pol\u00edtica de Cookies 2 - cadiex","og_description":"\u00daltima actualizaci\u00f3n: 23\/03\/2024 Esta Pol\u00edtica de Cookies describe c\u00f3mo el sitio web cadiex.es utiliza cookies y tecnolog\u00edas similares para mejorar su experiencia en nuestro sitio web, as\u00ed como para entender c\u00f3mo interact\u00faa con nuestro contenido. Esta pol\u00edtica tambi\u00e9n explica las opciones que tiene con respecto a estas tecnolog\u00edas. \u00bfQu\u00e9 son las cookies? Las cookies son&hellip; Leer m\u00e1s","og_url":"https:\/\/cadiex.es\/index.php\/politica-de-cookies-2-2\/","og_site_name":"cadiex","twitter_card":"summary_large_image","twitter_misc":{"Tiempo de lectura":"3 minutos"},"schema":{"@context":"https:\/\/schema.org","@graph":[{"@type":"WebPage","@id":"https:\/\/cadiex.es\/index.php\/politica-de-cookies-2-2\/","url":"https:\/\/cadiex.es\/index.php\/politica-de-cookies-2-2\/","name":"Pol\u00edtica de Cookies 2 - cadiex","isPartOf":{"@id":"https:\/\/cadiex.es\/#website"},"datePublished":"2024-04-09T15:42:42+00:00","breadcrumb":{"@id":"https:\/\/cadiex.es\/index.php\/politica-de-cookies-2-2\/#breadcrumb"},"inLanguage":"es","potentialAction":[{"@type":"ReadAction","target":["https:\/\/cadiex.es\/index.php\/politica-de-cookies-2-2\/"]}]},{"@type":"BreadcrumbList","@id":"https:\/\/cadiex.es\/index.php\/politica-de-cookies-2-2\/#breadcrumb","itemListElement":[{"@type":"ListItem","position":1,"name":"Portada","item":"https:\/\/cadiex.es\/"},{"@type":"ListItem","position":2,"name":"Pol\u00edtica de Cookies 2"}]},{"@type":"WebSite","@id":"https:\/\/cadiex.es\/#website","url":"https:\/\/cadiex.es\/","name":"cadiex","description":"Canarias Distribuciones Exclusivas S.L.","publisher":{"@id":"https:\/\/cadiex.es\/#organization"},"potentialAction":[{"@type":"SearchAction","target":{"@type":"EntryPoint","urlTemplate":"https:\/\/cadiex.es\/?s={search_term_string}"},"query-input":{"@type":"PropertyValueSpecification","valueRequired":true,"valueName":"search_term_string"}}],"inLanguage":"es"},{"@type":"Organization","@id":"https:\/\/cadiex.es\/#organization","name":"cadiex","url":"https:\/\/cadiex.es\/","logo":{"@type":"ImageObject","inLanguage":"es","@id":"https:\/\/cadiex.es\/#\/schema\/logo\/image\/","url":"https:\/\/cadiex.es\/wp-content\/uploads\/2023\/08\/cropped-Logo_Cadiex_4.png","contentUrl":"https:\/\/cadiex.es\/wp-content\/uploads\/2023\/08\/cropped-Logo_Cadiex_4.png","width":335,"height":83,"caption":"cadiex"},"image":{"@id":"https:\/\/cadiex.es\/#\/schema\/logo\/image\/"}}]}},"_links":{"self":[{"href":"https:\/\/cadiex.es\/index.php\/wp-json\/wp\/v2\/pages\/4736","targetHints":{"allow":["GET"]}}],"collection":[{"href":"https:\/\/cadiex.es\/index.php\/wp-json\/wp\/v2\/pages"}],"about":[{"href":"https:\/\/cadiex.es\/index.php\/wp-json\/wp\/v2\/types\/page"}],"author":[{"embeddable":true,"href":"https:\/\/cadiex.es\/index.php\/wp-json\/wp\/v2\/users\/1"}],"replies":[{"embeddable":true,"href":"https:\/\/cadiex.es\/index.php\/wp-json\/wp\/v2\/comments?post=4736"}],"version-history":[{"count":0,"href":"https:\/\/cadiex.es\/index.php\/wp-json\/wp\/v2\/pages\/4736\/revisions"}],"wp:attachment":[{"href":"https:\/\/cadiex.es\/index.php\/wp-json\/wp\/v2\/media?parent=4736"}],"curies":[{"name":"wp","href":"https:\/\/api.w.org\/{rel}","templated":true}]}}